{"id":62,"date":"2026-05-11T13:14:04","date_gmt":"2026-05-11T13:14:04","guid":{"rendered":"https:\/\/reparierbar-nandlstadt.de\/?page_id=62"},"modified":"2026-05-11T15:43:59","modified_gmt":"2026-05-11T15:43:59","slug":"impressum","status":"publish","type":"page","link":"https:\/\/reparierbar-nandlstadt.de\/?page_id=62","title":{"rendered":"Impressum"},"content":{"rendered":"<blockquote>\n<h4>Reparaturcaf\u00e9 &#8222;ReparierBar-Nandlstadt&#8220;<br \/>\n<strong>\u2013 Interessengemeinschaft \u2013 <\/strong>(kein Verein)<strong><br \/>\n<\/strong><\/h4>\n<h4><strong>Verantwortlich<br \/>\n<\/strong><\/h4>\n<p>Sigrid Burger-Jehle<br \/>\nJoseph-Maria-Lutz-Str. 3<br \/>\n85405 Nandlstadt<br \/>\nTelefon: 0152 5368 1051<br \/>\nEmail: info@reparierbar-nandlstadt.de<br \/>\nEvent Lokation: Marktstr. 23, 85405 Nandlstadt<\/p>\n<p><strong>Weitere Gr\u00fcndungsmitglieder:<\/strong><\/p><\/blockquote>\n<ul>\n<li style=\"text-align: left;\">Gertraud Neumaier<\/li>\n<li>Christine Altkr\u00fcger<\/li>\n<li>Gerhard Gruber<\/li>\n<li>Bernd St\u00f6ckeler<\/li>\n<\/ul>\n<p><strong>Wir sind Mitglied bei <a href=\"http:\/\/www.reparatur-initiativen.de\"><img decoding=\"async\" class=\" wp-image-82 alignnone\" src=\"https:\/\/reparierbar-nandlstadt.de\/wp-content\/uploads\/2026\/05\/logo-netzwerk-RI-png-72dpi-50prozent-300x115.png\" alt=\"\" width=\"323\" height=\"124\" srcset=\"https:\/\/reparierbar-nandlstadt.de\/wp-content\/uploads\/2026\/05\/logo-netzwerk-RI-png-72dpi-50prozent-300x115.png 300w, https:\/\/reparierbar-nandlstadt.de\/wp-content\/uploads\/2026\/05\/logo-netzwerk-RI-png-72dpi-50prozent.png 600w\" sizes=\"(max-width: 323px) 100vw, 323px\" \/><\/a><\/strong><\/p>\n<p><strong>Unterst\u00fctzt durch: <img decoding=\"async\" class=\"alignnone size-medium wp-image-80\" src=\"https:\/\/reparierbar-nandlstadt.de\/wp-content\/uploads\/2026\/05\/WhatsApp-Bild-2024-11-12-um-20.30.33_6f1ffd31-300x98.jpg\" alt=\"\" width=\"300\" height=\"98\" srcset=\"https:\/\/reparierbar-nandlstadt.de\/wp-content\/uploads\/2026\/05\/WhatsApp-Bild-2024-11-12-um-20.30.33_6f1ffd31-300x98.jpg 300w, https:\/\/reparierbar-nandlstadt.de\/wp-content\/uploads\/2026\/05\/WhatsApp-Bild-2024-11-12-um-20.30.33_6f1ffd31-1024x336.jpg 1024w, https:\/\/reparierbar-nandlstadt.de\/wp-content\/uploads\/2026\/05\/WhatsApp-Bild-2024-11-12-um-20.30.33_6f1ffd31-768x252.jpg 768w, https:\/\/reparierbar-nandlstadt.de\/wp-content\/uploads\/2026\/05\/WhatsApp-Bild-2024-11-12-um-20.30.33_6f1ffd31-1536x503.jpg 1536w, https:\/\/reparierbar-nandlstadt.de\/wp-content\/uploads\/2026\/05\/WhatsApp-Bild-2024-11-12-um-20.30.33_6f1ffd31.jpg 2048w\" sizes=\"(max-width: 300px) 100vw, 300px\" \/> <img decoding=\"async\" class=\"alignnone  wp-image-81\" src=\"https:\/\/reparierbar-nandlstadt.de\/wp-content\/uploads\/2026\/05\/WhatsApp-Bild-2024-11-12-um-20.27.15_5e89f6da.jpg\" alt=\"\" width=\"122\" height=\"122\" srcset=\"https:\/\/reparierbar-nandlstadt.de\/wp-content\/uploads\/2026\/05\/WhatsApp-Bild-2024-11-12-um-20.27.15_5e89f6da.jpg 300w, https:\/\/reparierbar-nandlstadt.de\/wp-content\/uploads\/2026\/05\/WhatsApp-Bild-2024-11-12-um-20.27.15_5e89f6da-150x150.jpg 150w\" sizes=\"(max-width: 122px) 100vw, 122px\" \/><\/strong><\/p>\n<p><strong><a href=\"https:\/\/www.heimat-info.de\/beitraege\/2339e8cf-8dab-4e47-9c78-8e7029a49058\">https:\/\/www.heimat-info.de\/beitraege\/2339e8cf-8dab-4e47-9c78-8e7029a49058<\/a><\/strong><\/p>\n<p><a href=\"https:\/\/www.heimat-info.de\/gemeinden\/au-i-d-hallertau\/organisationen\/nachhaltig-leben-hallertau\/beitraege\">https:\/\/www.heimat-info.de\/gemeinden\/au-i-d-hallertau\/organisationen\/nachhaltig-leben-hallertau\/beitraege<\/a><\/p>\n<p>&nbsp;<\/p>\n<p>&nbsp;<\/p>\n","protected":false},"excerpt":{"rendered":"<p>Reparaturcaf\u00e9 &#8222;ReparierBar-Nandlstadt&#8220; \u2013 Interessengemeinschaft \u2013 (kein Verein) Verantwortlich Sigrid Burger-Jehle Joseph-Maria-Lutz-Str. 3 85405 Nandlstadt Telefon: 0152 5368 1051 Email: info@reparierbar-nandlstadt.de Event Lokation: Marktstr. 23, 85405 Nandlstadt Weitere Gr\u00fcndungsmitglieder: Gertraud Neumaier Christine Altkr\u00fcger Gerhard Gruber Bernd St\u00f6ckeler Wir sind Mitglied bei Unterst\u00fctzt durch: https:\/\/www.heimat-info.de\/beitraege\/2339e8cf-8dab-4e47-9c78-8e7029a49058 https:\/\/www.heimat-info.de\/gemeinden\/au-i-d-hallertau\/organisationen\/nachhaltig-leben-hallertau\/beitraege &nbsp; &nbsp;<\/p>\n","protected":false},"author":1,"featured_media":0,"parent":0,"menu_order":0,"comment_status":"closed","ping_status":"closed","template":"","meta":{"footnotes":""},"class_list":["post-62","page","type-page","status-publish","hentry"],"_links":{"self":[{"href":"https:\/\/reparierbar-nandlstadt.de\/index.php?rest_route=\/wp\/v2\/pages\/62","targetHints":{"allow":["GET"]}}],"collection":[{"href":"https:\/\/reparierbar-nandlstadt.de\/index.php?rest_route=\/wp\/v2\/pages"}],"about":[{"href":"https:\/\/reparierbar-nandlstadt.de\/index.php?rest_route=\/wp\/v2\/types\/page"}],"author":[{"embeddable":true,"href":"https:\/\/reparierbar-nandlstadt.de\/index.php?rest_route=\/wp\/v2\/users\/1"}],"replies":[{"embeddable":true,"href":"https:\/\/reparierbar-nandlstadt.de\/index.php?rest_route=%2Fwp%2Fv2%2Fcomments&post=62"}],"version-history":[{"count":2,"href":"https:\/\/reparierbar-nandlstadt.de\/index.php?rest_route=\/wp\/v2\/pages\/62\/revisions"}],"predecessor-version":[{"id":83,"href":"https:\/\/reparierbar-nandlstadt.de\/index.php?rest_route=\/wp\/v2\/pages\/62\/revisions\/83"}],"wp:attachment":[{"href":"https:\/\/reparierbar-nandlstadt.de\/index.php?rest_route=%2Fwp%2Fv2%2Fmedia&parent=62"}],"curies":[{"name":"wp","href":"https:\/\/api.w.org\/{rel}","templated":true}]}}